{"version":"1.0","provider_name":"Rechtsanw\u00e4lte &amp; Notare seit 1925 in Darmstadt","provider_url":"https:\/\/anwaelte-da.de\/en\/","author_name":"RechtsAnw\u00e4lte &amp; Notare Darmstadt","author_url":"https:\/\/anwaelte-da.de\/en\/author\/infoanwaelte-da-de\/","title":"Neue D\u00fcsseldorfer Tabelle ab 1. August 2015 - Rechtsanw\u00e4lte &amp; Notare seit 1925 in Darmstadt","type":"rich","width":600,"height":338,"html":"<blockquote class=\"wp-embedded-content\" data-secret=\"2nWfJ3Wwox\"><a href=\"https:\/\/anwaelte-da.de\/en\/neue-duesseldorfer-tabelle-ab-1-august-2015\/\">Neue D\u00fcsseldorfer Tabelle ab 1. August 2015<\/a><\/blockquote><iframe sandbox=\"allow-scripts\" security=\"restricted\" src=\"https:\/\/anwaelte-da.de\/en\/neue-duesseldorfer-tabelle-ab-1-august-2015\/embed\/#?secret=2nWfJ3Wwox\" width=\"600\" height=\"338\" title=\"&#8220;Neue D\u00fcsseldorfer Tabelle ab 1. August 2015&#8221; &#8212; Rechtsanw\u00e4lte &amp; Notare seit 1925 in Darmstadt\" data-secret=\"2nWfJ3Wwox\" frameborder=\"0\" marginwidth=\"0\" marginheight=\"0\" scrolling=\"no\" class=\"wp-embedded-content\"><\/iframe><script type=\"text\/javascript\">\n\/* <![CDATA[ *\/\n\/*! This file is auto-generated *\/\n!function(d,l){\"use strict\";l.querySelector&&d.addEventListener&&\"undefined\"!=typeof URL&&(d.wp=d.wp||{},d.wp.receiveEmbedMessage||(d.wp.receiveEmbedMessage=function(e){var t=e.data;if((t||t.secret||t.message||t.value)&&!\/[^a-zA-Z0-9]\/.test(t.secret)){for(var s,r,n,a=l.querySelectorAll('iframe[data-secret=\"'+t.secret+'\"]'),o=l.querySelectorAll('blockquote[data-secret=\"'+t.secret+'\"]'),c=new RegExp(\"^https?:$\",\"i\"),i=0;i<o.length;i++)o[i].style.display=\"none\";for(i=0;i<a.length;i++)s=a[i],e.source===s.contentWindow&&(s.removeAttribute(\"style\"),\"height\"===t.message?(1e3<(r=parseInt(t.value,10))?r=1e3:~~r<200&&(r=200),s.height=r):\"link\"===t.message&&(r=new URL(s.getAttribute(\"src\")),n=new URL(t.value),c.test(n.protocol))&&n.host===r.host&&l.activeElement===s&&(d.top.location.href=t.value))}},d.addEventListener(\"message\",d.wp.receiveEmbedMessage,!1),l.addEventListener(\"DOMContentLoaded\",function(){for(var e,t,s=l.querySelectorAll(\"iframe.wp-embedded-content\"),r=0;r<s.length;r++)(t=(e=s[r]).getAttribute(\"data-secret\"))||(t=Math.random().toString(36).substring(2,12),e.src+=\"#?secret=\"+t,e.setAttribute(\"data-secret\",t)),e.contentWindow.postMessage({message:\"ready\",secret:t},\"*\")},!1)))}(window,document);\n\/* ]]> *\/\n<\/script>\n","description":"Zum 1. August 2015 wurde die &#8220;D\u00fcsseldorfer Tabelle&#8221; ge\u00e4ndert. Die Erh\u00f6hung der Bedarfss\u00e4tze unterhaltsberechtigter Kinder beruht auf dem am 22. Juli 2015 verk\u00fcndeten Gesetz zur Anhebung des Grundfreibetrages, des Kindergeldes und des Kinderzuschlags. Der steuerliche Kinderfreibetrag f\u00fcr das Jahr 2015 steigt von bisher 4.368,00 Euro um 144,00 Euro auf 4.512,00 Euro. Unter Ber\u00fccksichtigung des neuen [&hellip;]"}

Rechtsanwälte &amp; Notare seit 1925 in Darmstadt

RechtsAnwälte &amp; Notare Darmstadt

Neue Düsseldorfer Tabelle ab 1. August 2015 - Rechtsanwälte &amp; Notare seit 1925 in Darmstadt

<blockquote class="wp-embedded-content" data-secret="2nWfJ3Wwox"><a href="https://anwaelte-da.de/en/neue-duesseldorfer-tabelle-ab-1-august-2015/">Neue Düsseldorfer Tabelle ab 1. August 2015</a></blockquote><iframe sandbox="allow-scripts" security="restricted" src="https://anwaelte-da.de/en/neue-duesseldorfer-tabelle-ab-1-august-2015/embed/#?secret=2nWfJ3Wwox" width="600" height="338" title="&#8220;Neue Düsseldorfer Tabelle ab 1. August 2015&#8221; &#8212; Rechtsanwälte &amp; Notare seit 1925 in Darmstadt" data-secret="2nWfJ3Wwox" frameborder="0" marginwidth="0" marginheight="0" scrolling="no" class="wp-embedded-content"></iframe><script type="text/javascript">
/* <![CDATA[ */
/*! This file is auto-generated */
!function(d,l){"use strict";l.querySelector&&d.addEventListener&&"undefined"!=typeof URL&&(d.wp=d.wp||{},d.wp.receiveEmbedMessage||(d.wp.receiveEmbedMessage=function(e){var t=e.data;if((t||t.secret||t.message||t.value)&&!/[^a-zA-Z0-9]/.test(t.secret)){for(var s,r,n,a=l.querySelectorAll('iframe[data-secret="'+t.secret+'"]'),o=l.querySelectorAll('blockquote[data-secret="'+t.secret+'"]'),c=new RegExp("^https?:$","i"),i=0;i<o.length;i++)o[i].style.display="none";for(i=0;i<a.length;i++)s=a[i],e.source===s.contentWindow&&(s.removeAttribute("style"),"height"===t.message?(1e3<(r=parseInt(t.value,10))?r=1e3:~~r<200&&(r=200),s.height=r):"link"===t.message&&(r=new URL(s.getAttribute("src")),n=new URL(t.value),c.test(n.protocol))&&n.host===r.host&&l.activeElement===s&&(d.top.location.href=t.value))}},d.addEventListener("message",d.wp.receiveEmbedMessage,!1),l.addEventListener("DOMContentLoaded",function(){for(var e,t,s=l.querySelectorAll("iframe.wp-embedded-content"),r=0;r<s.length;r++)(t=(e=s[r]).getAttribute("data-secret"))||(t=Math.random().toString(36).substring(2,12),e.src+="#?secret="+t,e.setAttribute("data-secret",t)),e.contentWindow.postMessage({message:"ready",secret:t},"*")},!1)))}(window,document);
/* ]]> */
</script>

Zum 1. August 2015 wurde die &#8220;Düsseldorfer Tabelle&#8221; geändert. Die Erhöhung der Bedarfssätze unterhaltsberechtigter Kinder beruht auf dem am 22. Juli 2015 verkündeten Gesetz zur Anhebung des Grundfreibetrages, des Kindergeldes und des Kinderzuschlags. Der steuerliche Kinderfreibetrag für das Jahr 2015 steigt von bisher 4.368,00 Euro um 144,00 Euro auf 4.512,00 Euro. Unter Berücksichtigung des neuen [&hellip;]
