{"version":"1.0","provider_name":"Rechtsanw\u00e4lte &amp; Notare seit 1925 in Darmstadt","provider_url":"https:\/\/anwaelte-da.de\/en\/","author_name":"Lenard Bock","author_url":"https:\/\/anwaelte-da.de\/en\/author\/bockanwaelte-da-de\/","title":"Frau Rosa L\u00f6w nun Fachanw\u00e4ltin f\u00fcr Arbeitsrecht - Rechtsanw\u00e4lte &amp; Notare seit 1925 in Darmstadt","type":"rich","width":600,"height":338,"html":"<blockquote class=\"wp-embedded-content\" data-secret=\"ImHMjcR7I3\"><a href=\"https:\/\/anwaelte-da.de\/en\/frau-rosa-loew-nun-fachanwaeltin-fuer-arbeitsrecht\/\">Frau Rosa L\u00f6w nun Fachanw\u00e4ltin f\u00fcr Arbeitsrecht<\/a><\/blockquote><iframe sandbox=\"allow-scripts\" security=\"restricted\" src=\"https:\/\/anwaelte-da.de\/en\/frau-rosa-loew-nun-fachanwaeltin-fuer-arbeitsrecht\/embed\/#?secret=ImHMjcR7I3\" width=\"600\" height=\"338\" title=\"&#8220;Frau Rosa L\u00f6w nun Fachanw\u00e4ltin f\u00fcr Arbeitsrecht&#8221; &#8212; Rechtsanw\u00e4lte &amp; Notare seit 1925 in Darmstadt\" data-secret=\"ImHMjcR7I3\" frameborder=\"0\" marginwidth=\"0\" marginheight=\"0\" scrolling=\"no\" class=\"wp-embedded-content\"><\/iframe><script type=\"text\/javascript\">\n\/* <![CDATA[ *\/\n\/*! This file is auto-generated *\/\n!function(d,l){\"use strict\";l.querySelector&&d.addEventListener&&\"undefined\"!=typeof URL&&(d.wp=d.wp||{},d.wp.receiveEmbedMessage||(d.wp.receiveEmbedMessage=function(e){var t=e.data;if((t||t.secret||t.message||t.value)&&!\/[^a-zA-Z0-9]\/.test(t.secret)){for(var s,r,n,a=l.querySelectorAll('iframe[data-secret=\"'+t.secret+'\"]'),o=l.querySelectorAll('blockquote[data-secret=\"'+t.secret+'\"]'),c=new RegExp(\"^https?:$\",\"i\"),i=0;i<o.length;i++)o[i].style.display=\"none\";for(i=0;i<a.length;i++)s=a[i],e.source===s.contentWindow&&(s.removeAttribute(\"style\"),\"height\"===t.message?(1e3<(r=parseInt(t.value,10))?r=1e3:~~r<200&&(r=200),s.height=r):\"link\"===t.message&&(r=new URL(s.getAttribute(\"src\")),n=new URL(t.value),c.test(n.protocol))&&n.host===r.host&&l.activeElement===s&&(d.top.location.href=t.value))}},d.addEventListener(\"message\",d.wp.receiveEmbedMessage,!1),l.addEventListener(\"DOMContentLoaded\",function(){for(var e,t,s=l.querySelectorAll(\"iframe.wp-embedded-content\"),r=0;r<s.length;r++)(t=(e=s[r]).getAttribute(\"data-secret\"))||(t=Math.random().toString(36).substring(2,12),e.src+=\"#?secret=\"+t,e.setAttribute(\"data-secret\",t)),e.contentWindow.postMessage({message:\"ready\",secret:t},\"*\")},!1)))}(window,document);\n\/* ]]> *\/\n<\/script>\n","description":"Wir freuen uns, dass Frau Rechtsanw\u00e4ltin Rosa L\u00f6w seit M\u00e4rz 2026 berechtigt ist , die Bezeichnung \u201eFachanw\u00e4ltin f\u00fcr Arbeitsrecht\u201c zu f\u00fchren. Die Verleihung erfolgte durch den Vorstand der Rechtsanwaltskammer Frankfurt am Main aufgrund der nachgewiesenen besonderen theoretischen Kenntnisse und praktischen Erfahrungen. Als Fachanw\u00e4ltin f\u00fcr Arbeitsrecht steht Frau L\u00f6w mit ihrer fachlichen Expertise unseren Mandanten kompetent [&hellip;]"}

Rechtsanwälte &amp; Notare seit 1925 in Darmstadt

Frau Rosa Löw nun Fachanwältin für Arbeitsrecht - Rechtsanwälte &amp; Notare seit 1925 in Darmstadt

<blockquote class="wp-embedded-content" data-secret="ImHMjcR7I3"><a href="https://anwaelte-da.de/en/frau-rosa-loew-nun-fachanwaeltin-fuer-arbeitsrecht/">Frau Rosa Löw nun Fachanwältin für Arbeitsrecht</a></blockquote><iframe sandbox="allow-scripts" security="restricted" src="https://anwaelte-da.de/en/frau-rosa-loew-nun-fachanwaeltin-fuer-arbeitsrecht/embed/#?secret=ImHMjcR7I3" width="600" height="338" title="&#8220;Frau Rosa Löw nun Fachanwältin für Arbeitsrecht&#8221; &#8212; Rechtsanwälte &amp; Notare seit 1925 in Darmstadt" data-secret="ImHMjcR7I3" frameborder="0" marginwidth="0" marginheight="0" scrolling="no" class="wp-embedded-content"></iframe><script type="text/javascript">
/* <![CDATA[ */
/*! This file is auto-generated */
!function(d,l){"use strict";l.querySelector&&d.addEventListener&&"undefined"!=typeof URL&&(d.wp=d.wp||{},d.wp.receiveEmbedMessage||(d.wp.receiveEmbedMessage=function(e){var t=e.data;if((t||t.secret||t.message||t.value)&&!/[^a-zA-Z0-9]/.test(t.secret)){for(var s,r,n,a=l.querySelectorAll('iframe[data-secret="'+t.secret+'"]'),o=l.querySelectorAll('blockquote[data-secret="'+t.secret+'"]'),c=new RegExp("^https?:$","i"),i=0;i<o.length;i++)o[i].style.display="none";for(i=0;i<a.length;i++)s=a[i],e.source===s.contentWindow&&(s.removeAttribute("style"),"height"===t.message?(1e3<(r=parseInt(t.value,10))?r=1e3:~~r<200&&(r=200),s.height=r):"link"===t.message&&(r=new URL(s.getAttribute("src")),n=new URL(t.value),c.test(n.protocol))&&n.host===r.host&&l.activeElement===s&&(d.top.location.href=t.value))}},d.addEventListener("message",d.wp.receiveEmbedMessage,!1),l.addEventListener("DOMContentLoaded",function(){for(var e,t,s=l.querySelectorAll("iframe.wp-embedded-content"),r=0;r<s.length;r++)(t=(e=s[r]).getAttribute("data-secret"))||(t=Math.random().toString(36).substring(2,12),e.src+="#?secret="+t,e.setAttribute("data-secret",t)),e.contentWindow.postMessage({message:"ready",secret:t},"*")},!1)))}(window,document);
/* ]]> */
</script>

Wir freuen uns, dass Frau Rechtsanwältin Rosa Löw seit März 2026 berechtigt ist , die Bezeichnung „Fachanwältin für Arbeitsrecht“ zu führen. Die Verleihung erfolgte durch den Vorstand der Rechtsanwaltskammer Frankfurt am Main aufgrund der nachgewiesenen besonderen theoretischen Kenntnisse und praktischen Erfahrungen. Als Fachanwältin für Arbeitsrecht steht Frau Löw mit ihrer fachlichen Expertise unseren Mandanten kompetent [&hellip;]
